s the ten millions digit of 3178473568?
7
What is the units digit of 73165695?
5
What is the millions digit of 14305121?
4
What is the units digit of 4304060570?
0
What is the hundred thousands digit of 80142505?
1
What is the thousands digit of 1099307095?
7
What is the hundred thousands digit of 53406019?
4
What is the ten millions digit of 24620997?
2
What is the units digit of 260600963?
3
What is the thousands digit of 6390357979?
7
What is the hundred thousands digit of 108187314?
1
What is the hundred millions digit of 305199299?
3
What is the millions digit of 396582507?
6
What is the hundred thousands digit of 214169988?
1
What is the hundreds digit of 47506311?
3
What is the tens digit of 37374269?
6
What is the ten millions digit of 64199804?
6
What is the hundred millions digit of 197329973?
1
What is the thousands digit of 6979486204?
6
What is the hundreds digit of 9468534?
5
What is the hundred millions digit of 1668352504?
6
What is the thousands digit of 96958686?
8
What is the ten thousands digit of 1517244578?
4
What is the thousands digit of 163284042?
4
What is the hundreds digit of 1369915844?
8
What is the hundred millions digit of 7900960702?
9
What is the units digit of 34853386?
6
What is the ten millions digit of 1826998780?
2
What is the thousands digit of 32925300?
5
What is the hundred millions digit of 2811344189?
8
What is the hundred thousands digit of 3718393?
7
What is the tens digit of 99361470?
7
What is the thousands digit of 1646409254?
9
What is the units digit of 581148796?
6
What is the units digit of 2769756286?
6
What is the thousands digit of 7870943?
0
What is the thousands digit of 113484551?
4
What is the tens digit of 108614698?
9
What is the units digit of 229789033?
3
What is the thousands digit of 2735213087?
3
What is the hundred thousands digit of 2064045040?
0
What is the hundred thousands digit of 396956778?
9
What is the hundred millions digit of 1001703969?
0
What is the ten millions digit of 227374662?
2
What is the millions digit of 359325587?
9
What is the ten millions digit of 1112371028?
1
What is the ten thousands digit of 2697460538?
6
What is the millions digit of 693929126?
3
What is the hundreds digit of 51289267?
2
What is the units digit of 39547168?
8
What is the tens digit of 8109554?
5
What is the ten millions digit of 1026472148?
2
What is the hundreds digit of 108533801?
8
What is the hundreds digit of 2935801326?
3
What is the thousands digit of 1847878643?
8
What is the tens digit of 476931900?
0
What is the thousands digit of 815159726?
9
What is the millions digit of 1061935222?
1
What is the thousands digit of 207333660?
3
What is the ten thousands digit of 180441590?
4
What is the hundred millions digit of 824147228?
8
What is the thousands digit of 486466282?
6
What is the hundreds digit of 1793331917?
9
What is the hundreds digit of 194125029?
0
What is the hundred millions digit of 420651860?
4
What is the units digit of 470204642?
2
What is the hundred thousands digit of 55927249?
9
What is the ten thousands digit of 232527119?
2
What is the hundred thousands digit of 188918883?
9
What is the ten millions digit of 717084205?
1
What is the ten millions digit of 274593680?
7
What is the thousands digit of 44034719?
4
What is the ten thousands digit of 360241897?
4
What is the millions digit of 22112273?
2
What is the hundred millions digit of 4774110310?
7
What is the hundred thousands digit of 116653980?
6
What is the hundred thousands digit of 674298647?
2
What is the millions digit of 1871243292?
1
What is the ten millions digit of 154502744?
5
What is the millions digit of 53512250?
3
What is the millions digit of 437016988?
7
What is the tens digit of 37702453?
5
What is the ten millions digit of 10681785?
1
What is the hundreds digit of 16926118?
1
What is the millions digit of 27354968?
7
What is the hundreds digit of 14553172?
1
What is the tens digit of 1312167650?
5
What is the tens digit of 169448597?
9
What is the ten thousands digit of 39736080?
3
What is the tens digit of 252217000?
0
What is the hundreds digit of 19329105?
1
What is the hundred millions digit of 2374161488?
3
What is the hundred millions digit of 418166983?
4
What is the thousands digit of 40722262?
2
What is the thousands digit of 2142407980?
7
What is the tens digit of 3927115296?
9
What is the ten millions digit of 57001232?
5
What is the ten thousands digit of 3156106046?
0
What is the hundred millions digit of 1106644837?
1
What is the hundreds digit of 162762163?
1
What is the hundred thousands digit of 44091132?
0
What is the hundred thousands digit of 2114722037?
7
What is the hundreds digit of 18276114?
1
What is the ten thousands digit of 1379591798?
9
What is the hundreds digit of 578141675?
6
What is the tens digit of 1609858721?
2
What is the units digit of 765229465?
5
What is the billions digit of 1870550089?
1
What is the tens digit of 74720349?
4
What is the ten thousands digit of 394945571?
4
What is the ten millions digit of 45670699?
4
What is the hundreds digit of 264841636?
6
What is the tens digit of 798311485?
8
What is the ten thousands digit of 290034946?
3
What is the ten thousands digit of 158008138?
0
What is the hundred millions digit of 405197309?
4
What is the tens digit of 3549982936?
3
What is the units digit of 26637997?
7
What is the millions digit of 9183975?
9
What is the hundred millions digit of 398183341?
3
What is the ten millions digit of 196620493?
9
What is the hundreds digit of 8085104831?
8
What is the tens digit of 178785635?
3
What is the ten thousands digit of 67234075?
3
What is the tens digit of 296168513?
1
What is the hundred thousands digit of 11885951?
8
What is the hundreds digit of 14027111?
1
What is the hundreds digit of 40731683?
6
What is the hundred millions digit of 181012685?
1
What is the millions digit of 4749198484?
9
What is the hundred thousands digit of 1267598050?
5
What is the hundreds digit of 30884345?
3
What is the millions digit of 76663134?
6
What is the ten millions digit of 4297854377?
9
What is the ten thousands digit of 968986117?
8
What is the ten millions digit of 28464794?
2
What is the millions digit of 5261228?
5
What is the hundred millions digit of 2064954621?
0
What is the millions digit of 1841755319?
1
What is the billions digit of 2771801778?
2
What is the hundred thousands digit of 92992052?
9
What is the hundred millions digit of 581550042?
5
What is the units digit of 97705440?
0
What is the ten thousands digit of 49269912?
6
What is the hundreds digit of 178405114?
1
What is the ten thousands digit of 389040396?
4
What is the ten thousands digit of 768989807?
8
What is the hundreds digit of 2258163314?
3
What is the millions digit of 353647777?
3
What is the hundreds digit of 107907460?
4
What is the hundred thousands digit of 305273550?
2
What is the thousands digit of 360283457?
3
What is the millions digit of 2094793754?
4
What is the ten thousands digit of 45244249?
4
What is the units digit of 2409049059?
9
What is the hundred thousands digit of 60239978?
2
What is the tens digit of 191783601?
0
What is the tens digit of 578816699?
9
What is the units digit of 2436755194?
4
What is the millions digit of 2122844898?
2
What is the hundreds digit of 80442037?
0
What is the ten millions digit of 81436613?
8
What is the hundred thousands digit of 1817835757?
8
What is the billions digit of 2619306425?
2
What is the thousands digit of 2360408791?
8
What is the hundred millions digit of 183792281?
1
What is the hundred thousands digit of 371057193?
0
What is the units digit of 124641060?
0
What is the hundreds digit of 697089126?
1
What is the ten thousands digit of 948103077?
0
What is the ten thousands digit of 668475399?
7
What is the ten millions digit of 56741518?
5
What is the millions digit of 91383328?
1
What is the tens digit of 322105591?
9
What is the hundreds digit of 272335356?
3
What is the hundred millions digit of 947103153?
9
What is the tens digit of 37103983?
8
What is the billions digit of 6983444526?
6
What is the hundred thousands digit of 3955195104?
1
What is the thousands digit of 9222590?
2
What is the units digit of 1060677235?
5
What is the hundred thousa